 39*m**2 + 156*m - 186. What is b(4)?
6
Let c(n) = 2*n**3 - 663*n**2 - 15540*n + 99. Give c(-22).
-209
Let r(c) = -154*c**3 + 988*c**2 + 629*c + 16. Determine r(7).
9
Let p(b) = -426*b + 5022. Determine p(11).
336
Let f(g) = -g**2 + 12414*g - 482654. Give f(39).
-29
Let v(n) = n**3 + 1402*n**2 - 1217*n - 5623804. Determine v(-1400).
-4
Let k(c) = -1749*c - 74838. What is k(-43)?
369
Let a(z) = -z**3 - 33*z**2 + 939*z - 105. What is a(-51)?
-1176
Let u(n) = -192*n + 7936. Determine u(44).
-512
Let a(l) = 250*l**2 + 6494*l - 1. Calculate a(-26).
155
Let g(k) = -398*k + 50376. Determine g(129).
-966
Let h(r) = 4413*r + 35292. Give h(-8).
-12
Let i(x) = 2*x**2 - 1557*x - 17375. Calculate i(-11).
-6
Let n(k) = -k**3 + 90*k**2 + 75*k + 1442. Calculate n(91).
-14
Let d(j) = -20463*j + 8471680. Give d(414).
-2
Let s(b) = b**3 - 26*b**2 + 85*b - 354. Give s(21).
-774
Let d(w) = -26*w**2 - 719*w - 698. What is d(-1)?
-5
Let g(h) = -69*h**2 + 12432*h - 2160. Calculate g(180).
0
Let z(b) = b**3 - 32*b**2 - 422*b + 13578. What is z(32)?
74
Let f(t) = 178*t + 4697. Calculate f(-32).
-999
Let t(m) = 2*m**3 - 74*m**2 - 66*m - 84. What is t(38)?
296
Let i(m) = m**3 + 3427*m**2 + 20565*m + 237. Determine i(-6).
3
Let z(t) = 397047*t + 2382285. Give z(-6).
3
Let k(a) = 2383*a - 85031. What is k(36)?
757
Let n(x) = -32*x**2 - 8602*x + 1889. What is n(-269)?
275
Let v(q) = q**3 - 17*q**2 - 25*q + 193. Calculate v(16).
-463
Let i(g) = -483*g - 7428. What is i(-16)?
300
Let c(q) = 892*q - 9827. Calculate c(11).
-15
Let p(g) = 426*g**2 + 2933*g + 115. Determine p(-7).
458
Let c(o) = o**3 + 19*o**2 - 69*o + 58. Determine c(-21).
625
Let h(n) = -3574578*n + 21447464. What is h(6)?
-4
Let g(l) = -5*l**2 - 74*l + 9876. What is g(-53)?
-247
Let o(d) = 1869*d + 237357. Determine o(-127).
-6
Let i(j) = 21*j**2 + 308*j + 3. What is i(-17)?
836
Let g(b) = -4*b**3 + 175*b**2 + 281*b + 6037. Give g(46).
-81
Let o(q) = -49*q - 3147. Give o(-65).
38
Let r(b) = -13321*b - 159702. What is r(-12)?
150
Let z(m) = 6*m**2 - 1861*m - 22289. What is z(322)?
573
Let d(s) = -112*s**2 - 1181*s + 8758. What is d(5)?
53
Let n(m) = -11*m**3 - 246*m**2 - 20*m + 1455. Determine n(-22).
-41
Let n(g) = 56654*g - 963772. What is n(17)?
-654
Let d(a) = -2*a**3 + 542*a**2 + 572*a - 7634. Calculate d(272).
-18
Let a(j) = 2*j**2 - 354*j + 12727. What is a(50)?
27
Let j(r) = 2*r**3 - 33*r**2 + 192*r - 4071. What is j(19)?
1382
Let t(j) = 24*j**2 + 1390*j + 13160. Determine t(-46).
4
Let d(x) = -5139*x - 375142. What is d(-73)?
5
Let g(x) = 998*x + 43026. Determine g(-40).
3106
Let f(m) = 11*m**2 - 576*m + 20. Calculate f(53).
391
Let b(w) = -115*w**2 - 7031*w - 14060. Give b(-2).
-458
Let h(u) = -48*u - 4474. Give h(-91).
-106
Let c(g) = -2*g**3 - 384*g**2 - 380*g + 412. Give c(-191).
30
Let x(v) = -3*v**3 + 125*v**2 - 380*v + 2648. What is x(39)?
-4
Let h(o) = 209*o + 49853. Give h(-240).
-307
Let v(k) = 106*k - 42919. Determine v(411).
647
Let y(k) = 9*k**3 - 228*k**2 - 128*k + 5070. Give y(25).
-5
Let x(r) = 4445859*r + 4445844. Determine x(-1).
-15
Let x(p) = -79387*p + 2222841. Calculate x(28).
5
Let m(t) = -9*t**2 + 24013*t - 143754. Give m(6).
0
Let o(a) = -5*a**3 - 2969*a**2 + 571*a - 13658. What is o(-594)?
4
Let i(a) = a**2 + 45488*a - 272968. What is i(6)?
-4
Let z(d) = 57145*d + 3314412. Determine z(-58).
2
Let q(o) = 263*o - 4735. Determine q(18).
-1
Let h(x) = x**2 - 7172*x + 306538. Calculate h(43).
-9
Let r(i) = -943*i**3 - 3*i**2 - 117*i + 120. What is r(1)?
-943
Let u(a) = -197*a + 16345. Determine u(83).
-6
Let u(f) = -f**3 - 53*f**2 + 370*f - 11670. Determine u(-62).
-14
Let d(a) = -a**3 - 1751*a**2 - 5518*a + 2568093. Calculate d(-1747).
3
Let o(g) = -7*g**2 - 443*g + 278. Give o(-62).
836
Let v(o) = 11095*o - 1664346. Determine v(150).
-96
Let j(x) = -129*x**2 + 45*x - 39. What is j(2)?
-465
Let k(v) = -v**2 + 6538*v - 78440. Determine k(12).
-128
Let k(o) = -45744*o - 182972. Determine k(-4).
4
Let c(z) = -4*z**2 + 4767*z - 70662. What is c(15)?
-57
Let m(i) = 2781*i - 2799. Calculate m(1).
-18
Let b(y) = 2*y**2 + 1656*y - 8303. What is b(5)?
27
Let i(d) = 834*d + 196788. Determine i(-236).
-36
Let c(g) = -929*g**2 + 52962*g - 502. Calculate c(57).
11
Let s(c) = 2*c**3 - 131*c**2 - 234*c + 11086. Determine s(66).
-2
Let p(b) = 159*b**3 - 5090*b**2 + 3*b + 1954. What is p(32)?
2
Let v(s) = s**2 + 340*s + 20658. Give v(-88).
-1518
Let d(q) = q**2 - 206*q - 4054. Determine d(-19).
221
Let c(q) = -12*q**2 - 388*q + 252. Calculate c(-34).
-428
Let v(d) = -6*d**3 + 174*d**2 + 170*d + 290. Calculate v(30).
-10
Let i(c) = -4*c**3 + 63*c**2 - 236*c + 50. Give i(8).
146
Let r(j) = -2917*j + 1426403. Calculate r(489).
-10
Let j(q) = -77*q + 2939. Calculate j(-8).
3555
Let g(u) = 94136*u + 284. What is g(0)?
284
Let h(p) = -220*p**2 - 1596*p - 1649. What is h(-6)?
7
Let d(n) = -n**2 - 1018*n + 51187. Calculate d(48).
19
Let q(g) = g**3 + 88*g**2 - 8269*g - 559. Give q(-145).
21
Let p(n) = 9754*n + 897379. What is p(-92)?
11
Let d(r) = -18*r**2 - 1545*r - 656. Determine d(-85).
619
Let l(f) = f**2 - 12891*f - 103251. What is l(-8)?
-59
Let k(w) = 4*w**2 + 222*w - 655. Give k(3).
47
Let d(l) = -2*l**2 + 251*l - 662. Give d(123).
-47
Let j(k) = 113*k - 2625. What is j(24)?
87
Let k(q) = -13704*q - 55014. What is k(-4)?
-198
Let h(y) = y**3 + 1965*y**2 + 11564*y - 1146. Calculate h(-6).
-6
Let z(g) = -4142*g + 66423. Calculate z(16).
151
Let i(u) = 108456*u + 2819702. Determine i(-26).
-154
Let k(r) = r**3 - 28*r**2 - 9*r - 770. Calculate k(29).
-190
Let l(j) = 6*j**3 - 76*j**2 + 36*j - 178. Determine l(9).
-1636
Let j(d) = 274925*d - 7148069. Calculate j(26).
-19
Let b(u) = 3*u**3 - 11*u**2 - 64*u + 149. Calculate b(6).
17
Let s(u) = u**3 + u**2 - 75*u - 237. Determine s(-3).
-30
Let z(d) = 4847*d**2 + 67860*d + 25. Give z(-14).
-3
Let q(a) = 86444*a - 605110. Determine q(7).
-2
Let a(f) = -382*f**3 - 4*f**2 + 61*f + 64. Determine a(-1).
381
Let o(h) = -2691*h + 7543. What is o(3)?
-530
Let c(q) = -3357*q - 322364. Give c(-96).
-92
Let l(b) = 614*b + 8898. What is l(-16)?
-926
Let w(n) = -n**3 - 48*n**2 - 284*n - 866. What is w(-40)?
-2306
Let d(y) = -30304*y + 1575716. Determine d(52).
-92
Let d(z) = 149*z + 1008. Give d(5).
1753
Let s(a) = -8*a**2 - 2928*a - 6012. Determine s(-364).
-188
Let u(x) = -10*x**2 - 148*x - 862. Calculate u(-8).
-318
Let o(l) = -14126*l + 621539. Give o(44).
-5
Let a(y) = 9822*y - 58777. Determine a(6).
155
Let w(y) = 4466*y + 8918. Calculate w(-2).
-14
Let i(l) = 2*l**3 + 83*l**2 - 33*l - 49. Determine i(-42).
-427
Let w(y) = -4*y**3 + 12*y**2 + 238*y - 894. Give w(7).
-12
Let u(j) = 3*j**3 - 18*j**2 - 590*j - 72. Determine u(-11).
247
Let l(b) = 132*b - 3463. What is l(25)?
-163
Let s(t) = -5*t - 209. What is s(-130)?
441
Let f(x) = -19184*x**2 - 153474*x - 2. Calculate f(-8).
14
Let g(u) = 3*u**3 + 157*u + 601. What is g(-4)?
-219
Let i(x) = -611*x**2 + 778*x - 780. What is i(1)?
-613
Let d(g) = 19*g + 1443. Give d(-91).
-286
Let n(m) = 3801*m - 15162. Give n(4).
42
Let k(p) = -p**3 + 14*p**2 - 173*p + 303. Determine k(2).
5
Let h(b) = -b**2 - 790*b + 10977. What is h(14)?
-279
Let i(d) = -13*d**2 - 374*d - 2592. What is i(-12)?
24
Let i(z) = -2*z**3 - 215*z**2 + 1476*z - 707. What is i(-114)?
-23
Let i(h) = h - 597. Calculate i(129).
-468
Let s(k) = -7*k**2 + 138*k + 2173. Calculate s(-14).
-1131
Let q(m) = -m**2 + 17793*m + 142434. Give q(-8).
26
Let q(t) = 7*t**2 - 3088*t + 15273. Give q(5).
8
Let i(w) = -w**3 - 80*w**2 - 643*w + 25. What is i(-71)?
309
Let d(h) = 3632*h + 150160. Determine d(-41).
1248
Let h(y) = y**2 + 266*y + 17107. What is h(-157)?
-6
Let g(x) = 6*x**3 - 723*x**2 - 689*x + 39431. Determine g(121).
-15
Let q(b) = 2*b**3 - 33*b**2 - 768*b - 42. Determine q(-13).
-29
Let s(u) = -1023*u - 12256. What is s(-12)?
20
Let y(c) = -13*c**2 - 197*c - 336. Give y(-17).
-744
Let h(f) = 194*f**2 - 2526*f + 36. Give h(13).
-16
Let t(r) = 4*r**3 + 28*r**2 - 34*r - 461. Determine t(-14).
-5473
Let t(w) = -7904*w - 332023. Determine t(-42).
-55
Let a(l) = 9268*l - 1501373. Determine a(162).
43
Let x(b) = 870*b + 11907. Determine x(-14).
-273
Let p(h) = 2*h**2 + 1220*h + 13161. What is p(-11)?
-17
Let u(k) = 469*k - 449. Give u(1).
20
Let n(s) = 334*s**2